2*n - 3*n. Calculate o(d).
0
Let q be 0*(-4 + 0)/(-4). Let f(m) = 4*m - 15. Let y(o) = -3*o + 10. Let n(c) = -5*f(c) - 7*y(c). Give n(q).
5
Let w(c) = -c + 6. Let a be w(5). Let r(u) = u + 1. Let m(g) = 5*g**2 + 9*g + 9. Let d(k) = 2*m(k) - 18*r(k). What is d(a)?
10
Let r(a) = a + 2. Suppose 2*o + 7 = 3. Calculate r(o).
0
Let g be (-6 + 6)*(-1 + 0). Let o be (-4)/(-8)*(0 - g). Suppose 2*k - 5*s - 12 = o, k + 4*s + 8 = 3*s. Let a(n) = n**3 + 3*n**2 - 6*n - 5. Give a(k).
3
Let k(y) be the second derivative of y**6/720 - y**4/6 + 2*y. Let j(b) be the third derivative of k(b). Determine j(-4).
-4
Let t be (-1)/((-3)/(-12) - (-1)/4). Let l(j) = j + 1 - 5*j + j. Give l(t).
7
Let w(q) be the second derivative of -q - 1/24*q**4 + 0 + 0*q**2 + 1/6*q**3 - 7/120*q**5. Let l(y) be the second derivative of w(y). Determine l(-1).
6
Let v be -1*19*1/(-1). Let q(t) = -v*t + 20*t + 2*t**2 - 4*t**2. What is q(-1)?
-3
Let r be -1 - (-1)/(2/6). Let m be ((-2)/6)/(r/(-12)). Suppose g = 5*w + 12, m*w = 4*w + 2*g. Let n(o) = 2*o. What is n(w)?
-4
Let i(d) = d**3 + 6*d**2 + 3*d - 7. Suppose -8*o + 4*o - 20 = 0. Determine i(o).
3
Suppose -4*s + 9*s + 35 = -2*v, 0 = s + 5*v + 7. Let r(a) = a + 2. Calculate r(s).
-5
Let w(k) = k**2 - 3*k + 3. Let r be w(2). Let d(f) = 9*f - 1. What is d(r)?
8
Let c(j) = 5*j + 2. Let i(y) = 16*y + 5. Suppose -a + 14 = 4*w, w - 6*w = a - 17. Let u(f) = w*i(f) - 8*c(f). What is u(1)?
7
Let c = -25 - -13. Let d = -7 - c. Suppose 4*r + 4*a = -24, 2*r - 27 = 6*r + d*a. Let i(y) = y**3 + 4*y**2 - 2. Calculate i(r).
7
Let x(w) = -2 - 7 + 2*w + w + 1. What is x(6)?
10
Let m(l) = -5*l - 1. Let i(p) = 3*p - 5. Let v(j) = 2*j - 3. Let h(a) = 3*i(a) - 5*v(a). Let z(n) = 4*h(n) - m(n). What is z(-4)?
-3
Let v(b) be the second derivative of -b**3/3 + 2*b**2 + 8*b - 3. Let q = 5 - 2. Calculate v(q).
-2
Suppose -3*o = 2*s - 15, 3*s - 4*s = -5*o + 12. Let h(q) = 0*q + q - q**s - 4*q**2 - 9 + 13. Let p = -6 - -2. Calculate h(p).
0
Suppose 4*z = 5*w + 7 - 34, -12 = -3*w + z. Let m(k) = 4 - 5 + w - 5 - k. What is m(-4)?
1
Let s(y) be the third derivative of -y**6/120 + y**5/12 - 2*y**3/3 + 4*y**2. Suppose -7*z - 2 + 37 = 0. What is s(z)?
-4
Let g(m) be the first derivative of m**4/4 + m**3/3 + m**2/2 - 8*m + 25. Determine g(0).
-8
Let l(i) = 2*i. Let r(d) = -5*d + 1. Let t(z) = 7*l(z) + 2*r(z). What is t(5)?
22
Let g be (-2)/(-3)*(-11 + 2). Let j(m) = m + 1. Determine j(g).
-5
Let u(w) = w**2 - 17*w - 4 + 15*w - 2*w**2. Calculate u(3).
-19
Let r(f) = -2*f**3 + f**3 - 6*f**2 + 2 + f**2 + 3*f**2 + 2*f. Give r(-2).
-2
Let j(f) = f + 8. Let y be j(-6). Let h(i) be the first derivative of -5*i - i**3 + 6*i - y*i + 1. What is h(-1)?
-4
Suppose -u + 0 = -4. Suppose f + 2*n - 17 = 0, u*f - 65 = -4*n - n. Suppose -1 = 4*a + f. Let r(i) = -i**2 - 5*i - 1. Give r(a).
3
Let i(y) be the first derivative of 3 - 7*y + 1/2*y**2. Calculate i(5).
-2
Let h(m) = 3*m - 3. Let b(p) = -2*p + 2. Let o(g) = 7*b(g) + 5*h(g). Calculate o(7).
6
Let b(y) = y - 4. Suppose 12 = 5*c - 3. Let x = 0 + c. Suppose 2*r - 18 = -2*n, -x*n - 8*r = -6*r - 23. Determine b(n).
1
Let x = -16 + 14. Let p(b) = -7*b + 1. Calculate p(x).
15
Suppose -5*l - 1 = -2*q - 16, -2*l - 3*q = -6. Suppose -4*v + l*v + 5 = 0. Let a(u) = -4*u**3 + 5*u**2 + 0*u**3 + 3*u**3. Calculate a(v).
0
Suppose -t - 3*t = 0. Suppose b + t - 1 = 0. Let o(l) be the first derivative of -l**3 + l - 1. What is o(b)?
-2
Let z(b) = 5*b**3 + 3*b**2 - 5*b + 29. Let f(r) = r**3 + r**2 - r + 7. Let s(d) = 9*f(d) - 2*z(d). Suppose 2*w - 7*w = 0. Let j be 4 - 2/6*w. Calculate s(j).
-7
Let q(h) = h**3 - 4*h**2 + 2*h - 2. Let o be (-4)/4 - (-16)/4. Give q(o).
-5
Let t(o) be the first derivative of o**2 - 7*o - 7. Let g be 2/(-6) + (-38)/(-6). Suppose -5*p - 3*b + 19 = 0, 4*p + 3*b - g*b - 26 = 0. What is t(p)?
3
Let b(c) be the second derivative of -c**3/2 + c**2/2 + c. Let g(x) = x + 2. Let d be g(2). Determine b(d).
-11
Let f be 3*(0 - (-2)/3). Suppose 15 = -5*c - 10. Let s(r) = 7*r - 13. Let p(q) = -3*q + 6. Let v(m) = c*p(m) - 2*s(m). What is v(f)?
-2
Let d = 11 + -8. Let m(c) = -c**3 + 4*c**2 - 4*c - 1. What is m(d)?
-4
Let m(k) = -k + 4. Let v = -12 + 18. Calculate m(v).
-2
Let l(k) = -k**2 - 5*k - 1. Suppose -4*s - 2*a + 38 = 0, 4*a = s + 1 + 12. Suppose j + 3*n = -10 + 2, -3*n = -2*j - s. Determine l(j).
-1
Suppose 10*k - 6*k = 80. Suppose -4*j - 4*c = -k, 4 = j + 4*c - 7. Let w(u) = u - 2. What is w(j)?
1
Let c(k) = k. Suppose -2*l + 66 = 5*f, -3*l - 6*f = -5*f - 86. Let s = 33 - l. What is c(s)?
5
Let l(y) = -2*y - 5. Let b be l(-4). Let u(j) = -2*j + 2*j**3 - j**3 + 3*j**2 + 3*j**3 - b*j**3. What is u(-2)?
8
Let q(i) = -i**3 - 2*i + 1 - i**2 - 3 + 5*i**2. Let t be (4/2 + -2)/1. Suppose -4*b + 8 = -t*b. Calculate q(b).
2
Let d(p) be the third derivative of 0*p + p**2 + 0 - 1/24*p**4 + 1/3*p**3. What is d(0)?
2
Let a(s) be the second derivative of -s**4/12 - s**3/3 + 5*s**2/2 - 7*s. Determine a(-4).
-3
Let h = -24 - -17. Let n(f) = -f**2 + 8. Let b(x) be the third derivative of -x**5/30 + x**4/24 + 5*x**3/2 - x**2. Let t(o) = h*n(o) + 4*b(o). Give t(5).
-1
Let x(v) be the second derivative of -v**7/840 - v**6/90 - v**5/60 - v**4/6 + v**3 - 2*v. Let d(m) be the second derivative of x(m). Give d(-3).
-7
Let a = -3 + 4. Let x(t) = -7 - 16 - 7*t**2 - 10 + 34. What is x(a)?
-6
Let p = -82 + 89. Let m(k) = -k**2 + 5*k. What is m(p)?
-14
Let y(z) = z + 3. Let r be y(-4). Let i(f) = 1 - 7*f - 2 + 2*f. Give i(r).
4
Let g(a) be the third derivative of -a**5/60 + a**4/24 - 5*a**3/6 - 12*a**2. Calculate g(0).
-5
Let y(k) be the first derivative of k**3/6 + 4*k**2 - 2*k + 1. Let m(v) be the first derivative of y(v). Give m(-5).
3
Let k = 138 - 136. Let l(t) be the third derivative of t**4/24 - t**3/6 - t**2. Give l(k).
1
Let o(j) = j**3 - 6*j**2 - j + 3. Let h be -3 - (-1)/((-1)/(-9)). What is o(h)?
-3
Suppose 4*u + 2*l = -8, -3*l + 3 = 9. Let j be u - (0 + -1 - 2). Let w(k) = 1 - 2*k**j + 3*k - k + 0*k. Give w(-1).
-3
Let i(q) = -37*q**2 + 0*q + 34*q**2 + q. Determine i(2).
-10
Let v(d) = 7*d - 1. Let z be 12/8*(-14)/(-3). Let l = z + -8. Give v(l).
-8
Let s(q) = q**2 + 4*q. Suppose 21 = -8*u + u. Give s(u).
-3
Let o(x) = -175*x**2 + x - 1 + 3 + 168*x**2 + 0. Determine o(-2).
-28
Let n(c) = -7*c**2 - 2*c + 2*c - 5*c + 5 - 2*c**3 + c**3. Determine n(-6).
-1
Let g(c) = -3*c - 6*c - 9 + 5*c + 3*c. Determine g(-9).
0
Let i be (-1)/3*(-3 - -3). Suppose -2*x + 3*u - 12 = -2*u, x - 5*u + 6 = i. Let l(g) = -g**2 - 6*g. Calculate l(x).
0
Let c(p) be the second derivative of p**4/12 - 7*p**3/6 + p**2/2 + 2*p. Let l(b) = 2*b**2 - 15*b + 3. Let z = 4 + -2. Let f(r) = z*l(r) - 5*c(r). What is f(4)?
5
Let l(w) = -8*w - 9. Let q(a) = 15*a + 17. Let c(s) = 11*l(s) + 6*q(s). Let t be -2*2/4 - 3. Calculate c(t).
-5
Let v(n) be the second derivative of n**4/12 + 4*n**2 + 11*n. Suppose -3*a = 2*a - 15. Suppose 3*g - 3 = 3*f, -3*g + 2 = f + a. Give v(g).
8
Let i(j) = -j**2 - 15*j - 17. Let o be i(-14). Let z(k) = k - 1. Give z(o).
-4
Let k(i) = -3*i + 7. Let f(b) = 3*b - 6. Let w(n) = 3*f(n) + 2*k(n). What is w(5)?
11
Let s be ((-8)/(-6))/(6/9). Let b(n) = -n**2 + 6*n + 3. Let t be b(6). Suppose -t*m = s*m. Let c(r) = -r**3 + r**2 + r - 4. Determine c(m).
-4
Suppose 2*d = -3*v + 2, d = -v - 2*v + 7. Let h(x) = -8*x + x - x + x**2 + 4*x + v. Give h(5).
9
Let d(k) = 2*k**2 + 1 - k**2 - 4. Let f be d(0). Let m be ((f - 0) + -2)*-1. Let s(j) = j - 1. Determine s(m).
4
Let u be -1 - 0 - 1 - -8. Let c = 5 - 1. Suppose 0 = c*j, i + 20 = u*i + j. Let b(x) = -x + 5. Determine b(i).
1
Let w(b) = -b - 22. Let j be w(0). Let h be 8/(-6)*(-33)/j. Let x(u) = 4*u - 2. What is x(h)?
-10
Let o(k) be the second derivative of -2*k**3/3 + k**2 - k. Determine o(2).
-6
Let k(s) = -3*s - 6. Let t(a) be the third derivative of a**6/120 - a**4/24 - 2*a**3/3 - 4*a**2. Let w be t(0). What is k(w)?
6
Let q(w) = w**3 + 4*w**2 + 2*w + 3. Let l be q(-3). Let r(s) = -s**2 + 5*s + 1. Let g be r(l). Let i(k) = k**2 + 7*k + 4. Determine i(g).
-6
Suppose -8*l = -y - 3*l - 17, -5*y + l - 37 = 0. Let v(s) = s**2 + 8*s - 3. Determine v(y).
-10
Let f(d) = d + 5 + d**2 - 2*d**2 + 2 - 5. What is f(2)?
0
Suppose 2*o = -9 + 7. Let h(r) = 7*r. What is h(o)?
-7
Let q(f) = f**2 + 5*f + 8. Let h be q(-2). Let 